7653?
True
Is 249 a factor of 463436?
False
Is 3003276 a multiple of 1325?
False
Is 25 a factor of 2811592?
False
Is 11 a factor of 628448?
False
Does 108 divide 5623082?
False
Is 7881680 a multiple of 8?
True
Is 2074860 a multiple of 30?
True
Is 2 a factor of 66727?
False
Is 10637593 a multiple of 1653?
False
Is 83421 a multiple of 279?
True
Is 476 a factor of 9671368?
True
Is 722 a factor of 4109934?
False
Is 26 a factor of 271412?
False
Does 294 divide 11146970?
False
Does 164 divide 321604?
True
Is 481 a factor of 600288?
True
Does 180 divide 4196067?
False
Is 65684 a multiple of 4?
True
Is 571761 a multiple of 3?
True
Does 34 divide 4980822?
False
Is 11 a factor of 143266?
False
Is 78 a factor of 114582?
True
Does 49 divide 14031?
False
Does 11 divide 892375?
True
Does 297 divide 974457?
True
Is 245040 even?
True
Does 116 divide 585452?
True
Is 214 a factor of 932086?
False
Does 86 divide 2019194?
True
Is 60195 even?
False
Is 21 a factor of 16616608?
False
Is 17955857 a multiple of 69?
False
Is 31842920 a multiple of 281?
True
Is 4012 a multiple of 34?
True
Is 82 a factor of 2465822?
True
Is 7 a factor of 52570?
True
Is 13 a factor of 415713?
False
Does 27 divide 1976886?
True
Is 617 a factor of 43190?
True
Is 94 a factor of 624590?
False
Is 473 a factor of 659362?
True
Is 287 a factor of 323449?
True
Does 105 divide 1066905?
True
Is 144405 a multiple of 9?
True
Does 518 divide 85470?
True
Does 14 divide 184646?
True
Does 22 divide 8828710?
True
Does 16 divide 53119?
False
Does 558 divide 4381568?
False
Is 165672 a multiple of 360?
False
Is 1980036 a multiple of 25?
False
Does 28 divide 3117800?
True
Is 635729 a multiple of 11?
False
Does 24 divide 22777?
False
Is 296 a factor of 66638?
False
Is 64 a factor of 9472?
True
Is 15 a factor of 1837140?
True
Does 142 divide 14793264?
False
Is 1915410 a multiple of 49?
True
Is 1339338 a multiple of 77?
True
Is 5127670 a multiple of 10?
True
Does 41 divide 152210?
False
Does 3 divide 158268?
True
Is 1547629 a multiple of 17?
True
Is 585 a factor of 748800?
True
Is 42150 a multiple of 150?
True
Is 128 a factor of 1045888?
True
Is 79440 a multiple of 311?
False
Is 126 a factor of 224954?
False
Is 71623 a multiple of 3?
False
Is 11 a factor of 2648001?
False
Is 3821 a multiple of 12?
False
Is 40 a factor of 11499197?
False
Is 37408 a multiple of 64?
False
Is 6141593 a multiple of 126?
False
Does 452 divide 154132?
True
Is 21 a factor of 2709?
True
Is 28 a factor of 806498?
False
Is 44629 a multiple of 2?
False
Is 190784 a multiple of 271?
True
Does 4 divide 2106060?
True
Is 3681 a multiple of 3?
True
Is 369565 a multiple of 290?
False
Does 11 divide 3211606?
False
Is 6 a factor of 151394?
False
Is 2196459 a multiple of 60?
False
Is 29 a factor of 8882203?
False
Is 59 a factor of 2004171?
True
Does 6 divide 391861?
False
Is 367 a factor of 1192750?
True
Is 36 a factor of 8996909?
False
Is 49 a factor of 2365867?
True
Does 54 divide 2278638?
True
Does 18 divide 155376?
True
Is 305 a factor of 1923807?
False
Is 611083 a multiple of 22?
False
Is 31 a factor of 645678?
False
Is 46116 a multiple of 36?
True
Is 689 a factor of 200211?
False
Does 3 divide 14273?
False
Does 235 divide 1175940?
True
Is 535 a factor of 926202?
False
Does 1110 divide 27228300?
True
Is 94380 a multiple of 121?
True
Is 4 a factor of 3588?
True
Is 691323 a multiple of 13?
False
Does 14 divide 1097146?
False
Is 83 a factor of 159609?
True
Does 108 divide 2252772?
True
Does 21 divide 69069?
True
Is 118980 a multiple of 540?
False
Does 7 divide 32647?
False
Is 3 a factor of 36046?
False
Does 57 divide 249328?
False
Does 78 divide 584663?
False
Does 67 divide 8039531?
True
Does 61 divide 399560?
False
Is 117202 a multiple of 388?
False
Does 485 divide 1068940?
True
Does 437 divide 1294831?
True
Is 2667 a factor of 29061496?
False
Does 26 divide 8199178?
True
Does 69 divide 106896?
False
Is 214 a factor of 15800690?
True
Is 15045 a multiple of 33?
False
Is 37 a factor of 79873?
False
Is 19 a factor of 89655?
False
Does 5 divide 164830?
True
Is 125 a factor of 2489375?
True
Is 11 a factor of 398783?
True
Is 57 a factor of 730106?
False
Is 176713 a multiple of 33?
False
Does 3 divide 40607?
False
Does 357 divide 14062997?
False
Does 91 divide 543401?
False
Is 29546 a multiple of 15?
False
Is 723240 a multiple of 180?
True
Is 5156439 a multiple of 265?
False
Does 257 divide 12784?
False
Does 198 divide 4890006?
True
Does 60 divide 608700?
True
Does 5 divide 747390?
True
Is 4101056 a multiple of 139?
True
Is 837 a factor of 541823?
False
Is 55468 a multiple of 28?
True
Is 42 a factor of 190218?
True
Is 12 a factor of 806376?
True
Is 971 a factor of 1971075?
False
Is 3407619 a multiple of 10?
False
Does 102 divide 173400?
True
Does 144 divide 919008?
True
Does 224 divide 14784?
True
Does 22 divide 714897?
False
Is 15 a factor of 20610?
True
Is 126882 a multiple of 371?
True
Does 25 divide 184075?
True
Does 139 divide 270461?
False
Is 381 a factor of 200760?
False
Is 223927 a multiple of 143?
False
Is 233 a factor of 492468?
False
Does 2156 divide 6377756?
False
Is 290826 a multiple of 151?
True
Is 64 a factor of 702616?
False
Is 5005405 a multiple of 107?
False
Does 10 divide 476588?
False
Does 13 divide 710201?
False
Is 253 a factor of 30866?
True
Does 59 divide 720197?
False
Is 111 a factor of 7791276?
False
Does 895 divide 1096497?
False
Does 367 divide 293233?
True
Is 9654230 a multiple of 5?
True
Does 182 divide 948220?
True
Does 188 divide 4713817?
False
Does 319 divide 698291?
True
Does 22 divide 6927426?
True
Is 22 a factor of 14116155?
False
Does 2 divide 7455?
False
Is 20 a factor of 21727961?
False
Is 25 a factor of 3981?
False
Is 1521520 a multiple of 55?
True
Is 889306 a multiple of 23?
False
Does 532 divide 12430747?
False
Is 1098 a factor of 1674450?
True
Is 1673 a factor of 12607728?
True
Is 10 a factor of 10628273?
False
Is 8 a factor of 351088?
True
Is 11274 a multiple of 12?
False
Does 148 divide 16147?
False
Does 186 divide 219633?
False
Is 782018 a multiple of 17?
False
Is 275265 a multiple of 15?
True
Is 329 a factor of 6841884?
True
Is 283448 a multiple of 71?
False
Is 389 a factor of 4529127?
True
Is 166638 a multiple of 6?
True
Is 74319 a multiple of 23?
False
Is 111650 a multiple of 290?
True
Does 168 divide 203112?
True
Is 46 a factor of 361008?
True
Is 7517394 a multiple of 27?
True
Does 19 divide 1883014?
True
Is 24 a factor of 1315396?
False
Is 155 a factor of 2027398?
False
Is 1390532 a multiple of 286?
True
Is 45872 a multiple of 8?
True
Is 41346 a multiple of 119?
False
Is 59 a factor of 2078747?
True
Is 132976 a multiple of 10?
False
Is 142 a factor of 746181?
False
Does 13 divide 217373?
True
Is 23 a factor of 537533?
True
Is 1638676 a multiple of 52?
True
Does 256 divide 481024?
True
Does 56 divide 80528?
True
Is 173 a factor of 70238?
True
Is 7 a factor of 605962?
True
Is 4 a factor of 82787?
False
Is 85 a factor of 20002350?
False
Does 9 divide 101281?
False
Is 173600 a multiple of 496?
True
Is 137791 a multiple of 304?
False
Is 394290 a multiple of 45?
True
Does 15 divide 18424?
False
Is 22539 a multiple of 71?
False
Does 13 divide 54158?
True
Is 9354716 a multiple of 23?
False
Is 624219 a multiple of 89?
False
Is 378 a factor of 5365332?
True
Is 52200 a multiple of 25?
True
Is 107 a factor of 2044449?
True
Is 391294 a multiple of 12?
False
Is 125812 a multiple of 71?
True
Does 87 divide 181069?
False
Does 639 divide 2337872?
False
Is 666306 a multiple of 9?
True
Is 161053 a multiple of 114?
False
Does 340 divide 402071?
False
Is 209 a factor of 453530?
True
Is 396 a factor of 19072?
False
Is 9 a factor of 12502233?
True
Does 86 divide 7716264?
True
Is 18 a factor of 24120?
True
Does 159 divide 244065?
True
Does 74 divide 1530690?
True
Is 2450765 a multiple of 951?
False
Is 13 a factor of 968993?
False
Is 83 a factor of 19429885?
True
Is 388926 a multiple of 16?
False
Is 573 a factor of 9668546?
False
Is 28 a factor of 7288?
False
Is 1184850 a multiple of 3?
True
Does 19 divide 115703?
False
Is 4 a factor of 699194?
False
Is 18 a factor of 182502?
True
Is 42 a factor of 1283770?
False
Is 3 a factor of 728472?
True
Does 715 divide 3194557?
False
Does 9 divide 115569?
True
Is 15114626 a multiple of 